{"id":137,"date":"2014-02-06T11:02:00","date_gmt":"2014-02-06T10:02:00","guid":{"rendered":"http:\/\/wygrywanki.pl\/art\/?page_id=137"},"modified":"2019-10-15T10:50:24","modified_gmt":"2019-10-15T08:50:24","slug":"nasze-podejscie","status":"publish","type":"page","link":"http:\/\/wygrywanki.pl\/art\/nasze-podejscie\/","title":{"rendered":"Nasze Atuty"},"content":{"rendered":"<ul>\n<li style=\"text-align: justify;\">Skupiamy profesjonalist\u00f3w i pasjonat\u00f3w wykonawstwa muzycznego, pedagogiki muzycznej oraz\u00a0w materii\u00a0kompozytorsko &#8211; edytorskiej.<\/li>\n<li style=\"text-align: justify;\">Dbamy o wysok\u0105 jako\u015b\u0107 opracowa\u0144 pod wzgl\u0119dem muzycznym, stylistycznym i edytorskim.<\/li>\n<li style=\"text-align: justify;\">Promujemy inicjatywy o walorach spo\u0142eczno &#8211; edukacyjnych.<\/li>\n<\/ul>\n<p>&nbsp;<\/p>\n","protected":false},"excerpt":{"rendered":"<p>Skupiamy profesjonalist\u00f3w i pasjonat\u00f3w wykonawstwa muzycznego, pedagogiki muzycznej oraz\u00a0w materii\u00a0kompozytorsko &#8211; edytorskiej. Dbamy o wysok\u0105 jako\u015b\u0107 opracowa\u0144 pod wzgl\u0119dem muzycznym, stylistycznym i edytorskim. Promujemy inicjatywy o walorach spo\u0142eczno &#8211; edukacyjnych. &nbsp;<\/p>\n","protected":false},"author":1,"featured_media":0,"parent":0,"menu_order":8,"comment_status":"closed","ping_status":"closed","template":"","meta":{"footnotes":""},"_links":{"self":[{"href":"http:\/\/wygrywanki.pl\/art\/wp-json\/wp\/v2\/pages\/137"}],"collection":[{"href":"http:\/\/wygrywanki.pl\/art\/wp-json\/wp\/v2\/pages"}],"about":[{"href":"http:\/\/wygrywanki.pl\/art\/wp-json\/wp\/v2\/types\/page"}],"author":[{"embeddable":true,"href":"http:\/\/wygrywanki.pl\/art\/wp-json\/wp\/v2\/users\/1"}],"replies":[{"embeddable":true,"href":"http:\/\/wygrywanki.pl\/art\/wp-json\/wp\/v2\/comments?post=137"}],"version-history":[{"count":40,"href":"http:\/\/wygrywanki.pl\/art\/wp-json\/wp\/v2\/pages\/137\/revisions"}],"predecessor-version":[{"id":326,"href":"http:\/\/wygrywanki.pl\/art\/wp-json\/wp\/v2\/pages\/137\/revisions\/326"}],"wp:attachment":[{"href":"http:\/\/wygrywanki.pl\/art\/wp-json\/wp\/v2\/media?parent=137"}],"curies":[{"name":"wp","href":"https:\/\/api.w.org\/{rel}","templated":true}]}}